actor of 416 and 6032.
208
Calculate the highest common divisor of 2457 and 96993.
117
What is the highest common divisor of 28708 and 4?
4
Calculate the highest common divisor of 38514 and 2107.
49
What is the greatest common factor of 6929 and 3887?
169
Calculate the highest common factor of 612 and 330786.
306
What is the highest common divisor of 132386 and 1184?
74
Calculate the greatest common factor of 438 and 474.
6
Calculate the highest common factor of 1393288 and 104.
104
Calculate the highest common factor of 425 and 28500.
25
Calculate the greatest common divisor of 1243 and 495.
11
What is the highest common divisor of 346423 and 3872?
121
What is the highest common divisor of 1547 and 24089?
221
Calculate the highest common factor of 281003 and 79.
79
What is the greatest common divisor of 20 and 550724?
4
Calculate the greatest common divisor of 455 and 63791.
91
Calculate the highest common divisor of 77 and 3091.
11
What is the greatest common divisor of 932620 and 68?
68
What is the highest common factor of 317817 and 2607?
237
Calculate the highest common factor of 7175 and 197575.
175
What is the highest common factor of 126 and 8841?
21
What is the highest common divisor of 104222 and 217?
31
Calculate the greatest common divisor of 498885 and 842.
421
Calculate the greatest common divisor of 8383 and 18011.
83
Calculate the highest common factor of 245 and 357805.
35
What is the greatest common divisor of 5176 and 456?
8
Calculate the greatest common factor of 170 and 169810.
10
Calculate the greatest common divisor of 134820 and 84.
84
Calculate the greatest common factor of 166418 and 336.
14
What is the highest common divisor of 1216 and 5035?
19
Calculate the greatest common divisor of 70168 and 3938.
358
Calculate the greatest common factor of 39369 and 5874.
33
What is the greatest common factor of 1876 and 4556?
268
What is the greatest common factor of 297 and 41976?
99
What is the highest common divisor of 305430 and 30?
30
Calculate the greatest common factor of 1306918 and 332.
166
What is the greatest common factor of 55 and 94600?
55
Calculate the highest common divisor of 75199 and 3.
1
Calculate the highest common divisor of 6246506 and 14.
14
Calculate the highest common divisor of 66 and 11352.
66
What is the greatest common factor of 39 and 11673?
3
Calculate the highest common factor of 790 and 11870.
10
What is the highest common factor of 1065803 and 332?
83
Calculate the highest common divisor of 342 and 11419.
19
What is the highest common factor of 61661 and 197?
197
What is the highest common factor of 102941 and 993?
331
What is the highest common factor of 426 and 2670?
6
Calculate the highest common factor of 20000 and 4025.
25
What is the highest common factor of 9160 and 110?
10
What is the highest common divisor of 1981 and 71599?
283
What is the greatest common divisor of 7475 and 125?
25
Calculate the highest common factor of 57 and 113829.
57
What is the greatest common divisor of 225190 and 140?
70
Calculate the highest common factor of 1445 and 134963.
289
Calculate the highest common factor of 23996 and 196.
28
Calculate the highest common factor of 15 and 1337880.
15
Calculate the highest common divisor of 16484 and 208.
52
Calculate the greatest common factor of 61628 and 161882.
434
Calculate the greatest common divisor of 171 and 3916926.
171
Calculate the greatest common factor of 12957 and 231.
21
Calculate the greatest common divisor of 25011 and 315.
63
What is the highest common divisor of 185575 and 39?
13
Calculate the highest common factor of 24871 and 23443.
119
What is the highest common factor of 2482086 and 6?
6
What is the highest common factor of 1015 and 583045?
145
What is the greatest common divisor of 1540006 and 366?
122
What is the greatest common divisor of 533 and 48854?
13
Calculate the greatest common divisor of 374 and 3842.
34
Calculate the greatest common divisor of 7363 and 46367.
199
Calculate the highest common divisor of 2100 and 5745.
15
What is the greatest common factor of 273400 and 95?
5
What is the highest common divisor of 1003890 and 16885?
1535
What is the greatest common factor of 3345 and 135?
15
Calculate the highest common factor of 73730 and 1168.
146
What is the greatest common divisor of 83839 and 87?
29
Calculate the highest common divisor of 962 and 39923.
481
What is the highest common factor of 3095 and 39616?
619
What is the greatest common factor of 20712 and 708?
12
Calculate the highest common divisor of 2830 and 535.
5
What is the greatest common divisor of 1069855 and 1665?
185
Calculate the greatest common factor of 156 and 759668.
52
What is the highest common factor of 332 and 1514003?
83
What is the greatest common divisor of 35360 and 26208?
416
Calculate the greatest common divisor of 1288 and 400008.
56
Calculate the greatest common factor of 930 and 1508925.
465
What is the greatest common divisor of 20 and 529780?
20
Calculate the highest common divisor of 4050 and 46395.
45
Calculate the highest common factor of 19465 and 425.
85
Calculate the greatest common divisor of 145486 and 34.
34
Calculate the greatest common factor of 26 and 574184.
26
What is the highest common factor of 13250598 and 4548?
2274
Calculate the highest common divisor of 142 and 2758066.
142
What is the greatest common divisor of 4 and 1803?
1
What is the greatest common divisor of 2381080 and 320?
40
What is the highest common divisor of 46 and 18515?
23
What is the highest common factor of 17954 and 7614?
94
What is the greatest common factor of 216 and 820422?
54
What is the greatest common factor of 50 and 130775?
25
What is the greatest common factor of 651529 and 3021?
1007
Calculate the greatest common factor of 10228 and 16.
4
Calculate the highest common divisor of 576 and 671520.
96
Calculate the greatest common factor of 47082 and 7182.
798
Calculate the highest common factor of 87776 and 2110.
422
Calculate the greatest common factor of 813 and 61517.
271
What is the highest common factor of 50013 and 90?
9
What is the greatest common divisor of 99616 and 142632?
2264
What is the highest common divisor of 103167 and 54?
27
Calculate the greatest common divisor of 1388 and 378577.
347
What is the greatest common divisor of 348 and 33872?
116
Calculate the greatest common factor of 7421 and 205.
41
What is the greatest common divisor of 4008 and 722776?
1336
What is the highest common factor of 10 and 327790?
10
Calculate the greatest common factor of 2510140 and 20.
20
What is the highest common factor of 7175 and 2296?
287
What is the greatest common factor of 73 and 8548373?
73
What is the greatest common divisor of 720687 and 33?
33
What is the highest common factor of 215530 and 630?
70
What is the greatest common factor of 754 and 2561?
13
What is the highest common factor of 232 and 17840?
8
What is the greatest common divisor of 1230316 and 414?
46
What is the highest common divisor of 44 and 60533?
11
What is the greatest common divisor of 95 and 223915?
95
What is the greatest common divisor of 669 and 1095376?
223
What is the greatest common divisor of 59 and 563?
1
What is the greatest common divisor of 145456 and 1?
1
Calculate the greatest common divisor of 481 and 1075516.
481
What is the greatest common divisor of 23140 and 4342?
26
What is the greatest common factor of 22638 and 660?
66
What is the greatest common factor of 27412 and 1078?
154
Calculate the highest common factor of 2790 and 549.
9
What is the greatest common divisor of 2235062 and 2802?
934
Calculate the highest common divisor of 87860 and 140.
20
What is the greatest common divisor of 1212 and 8787?
303
What is the highest common divisor of 56 and 2555?
7
Calculate the greatest common factor of 23803 and 4979.
13
Calculate the highest common factor of 47178 and 54.
18
What is the highest common divisor of 51 and 110364?
51
What is the highest common factor of 236630 and 20?
10
Calculate the highest common factor of 27264 and 2816.
128
What is the highest common factor of 7187420 and 79?
79
Calculate the greatest common divisor of 104 and 351936.
104
Calculate the greatest common divisor of 5110 and 14527.
73
What is the highest common factor o